{"id":21,"date":"2017-01-19T10:00:00","date_gmt":"2017-01-19T09:00:00","guid":{"rendered":"http:\/\/s470124261.onlinehome.fr\/?page_id=21"},"modified":"2017-01-19T10:00:00","modified_gmt":"2017-01-19T09:00:00","slug":"nos-solutions","status":"publish","type":"page","link":"http:\/\/lesecretariat.fr\/","title":{"rendered":"Nos solutions"},"content":{"rendered":"<h2>Lesecretariat.fr\u00a0: priorit\u00e9 \u00e0 la qualit\u00e9\u00a0!<\/h2>\n<p><i>Gr\u00e2ce \u00e0 notre\u00a0solution d&#8217;accueil t\u00e9l\u00e9phonique externalis\u00e9 et de standard t\u00e9l\u00e9phonique \u00e0 distance, ne perdez plus d&#8217;appels et gagnez en efficacit\u00e9 de\u00a0travail\u00a0!<\/i><\/p>\n<p>Pour vous relayer dans la prise d\u2019appels t\u00e9l\u00e9phoniques ainsi que la prise de rendez-vous, \u00a0rien de mieux qu\u2019une secr\u00e9taire, aimable et souriante, assurant votre permanence \u00a0t\u00e9l\u00e9phonique et filtrant vos appels au besoin.<\/p>\n<p>Nos services vous assurent une prise en charge de chacun de vos appels de fa\u00e7on \u00a0personnalis\u00e9e, mais surtout, avec une r\u00e9elle connaissance du milieu <strong>m\u00e9dical et param\u00e9dical<\/strong>.<\/p>\n<p>Nos secr\u00e9taires sont form\u00e9es aux sp\u00e9cificit\u00e9s li\u00e9es \u00e0 VOTRE domaine et sont encadr\u00e9es \u00a0par une biologiste de formation, ce qui vous assure une parfaite gestion de \u00a0votre patient\u00e8le.<\/p>\n<p>Forte d&#8217;une longue exp\u00e9rience et d&#8217;un contact \u00e9troit avec ses clients, toute l&#8217;\u00e9quipe \u00a0<strong>Lesecretariat.fr<\/strong>\u00a0a pour mission de vous satisfaire.<\/p>\n<h2>\u00a0<\/h2>\n<h2>L\u2019offre Lescretariat.fr : une prestation sur-mesure, pour des clients uniques !<\/h2>\n<ul style=\"list-style-type: square;\">\n<li><span style=\"text-decoration: underline;\"><a href=\"https:\/\/lesecretariat.fr\/nos-solutions\/accueil-telephonique\/\">Accueil t\u00e9l\u00e9phonique \u00a0personnalis\u00e9 et prise des rendez-vous,<\/a><\/span><\/li>\n<li><span style=\"text-decoration: underline;\"><a href=\"https:\/\/lesecretariat.fr\/nos-solutions\/optimisation-de-vos-plannings\/\">Optimisation de votre planning<\/a><\/span><\/li>\n<li><span style=\"text-decoration: underline;\"><a href=\"https:\/\/lesecretariat.fr\/nos-solutions\/proximite-et-professionnalisme\/\">Proximit\u00e9 et professionnalisme<\/a><\/span><\/li>\n<\/ul>\n<p>&nbsp;<\/p>\n<h2>Nos services optionnels<\/h2>\n<ul style=\"list-style-type: square;\">\n<li>Rappel des rendez-vous aux patients,<\/li>\n<li>Demande de confirmation des rendez-vous pour les nouveaux patients par SMS,<\/li>\n<li>Prise de messages sur les heures ou vous ne souhaitez pas \u00eatre d\u00e9rang\u00e9,<\/li>\n<li>Filtrage d&#8217;appels<\/li>\n<li>Envoi des coordonn\u00e9es par SMS pour les patients vus \u00e0 domicile&#8230;<\/li>\n<\/ul>\n","protected":false},"excerpt":{"rendered":"Lesecretariat.fr\u00a0: priorit\u00e9 \u00e0 la qualit\u00e9\u00a0! Gr\u00e2ce \u00e0 notre\u00a0solution d&#8217;accueil t\u00e9l\u00e9phonique externalis\u00e9 et de standard t\u00e9l\u00e9phonique \u00e0 distance, ne perdez plus d&#8217;appels et gagnez en efficacit\u00e9 de\u00a0travail\u00a0! Pour vous relayer dans la prise d\u2019appels t\u00e9l\u00e9phoniques ainsi que la prise de rendez-vous, \u00a0rien de mieux qu\u2019une secr\u00e9taire, aimable et souriante, assurant votre permanence \u00a0t\u00e9l\u00e9phonique et filtrant vos&#8230; <a class=\"view-article\" href=\"http:\/\/lesecretariat.fr\/\">View Article<\/a>","protected":false},"author":1,"featured_media":215,"parent":0,"menu_order":0,"comment_status":"closed","ping_status":"closed","template":"","meta":{"footnotes":""},"class_list":["post-21","page","type-page","status-publish","has-post-thumbnail","hentry"],"_links":{"self":[{"href":"http:\/\/lesecretariat.fr\/index.php?rest_route=\/wp\/v2\/pages\/21","targetHints":{"allow":["GET"]}}],"collection":[{"href":"http:\/\/lesecretariat.fr\/index.php?rest_route=\/wp\/v2\/pages"}],"about":[{"href":"http:\/\/lesecretariat.fr\/index.php?rest_route=\/wp\/v2\/types\/page"}],"author":[{"embeddable":true,"href":"http:\/\/lesecretariat.fr\/index.php?rest_route=\/wp\/v2\/users\/1"}],"replies":[{"embeddable":true,"href":"http:\/\/lesecretariat.fr\/index.php?rest_route=%2Fwp%2Fv2%2Fcomments&post=21"}],"version-history":[{"count":0,"href":"http:\/\/lesecretariat.fr\/index.php?rest_route=\/wp\/v2\/pages\/21\/revisions"}],"wp:featuredmedia":[{"embeddable":true,"href":"http:\/\/lesecretariat.fr\/index.php?rest_route=\/wp\/v2\/media\/215"}],"wp:attachment":[{"href":"http:\/\/lesecretariat.fr\/index.php?rest_route=%2Fwp%2Fv2%2Fmedia&parent=21"}],"curies":[{"name":"wp","href":"https:\/\/api.w.org\/{rel}","templated":true}]}}